174?
58
Calculate the highest common divisor of 2598951 and 174.
87
Calculate the greatest common divisor of 325 and 5.
5
What is the highest common divisor of 19778 and 34441?
341
What is the greatest common divisor of 172744 and 11?
11
What is the highest common factor of 10240 and 20?
20
What is the highest common divisor of 70168 and 154?
14
Calculate the greatest common factor of 16968 and 320.
8
What is the highest common factor of 1068 and 107156?
356
What is the greatest common factor of 258471 and 405?
81
Calculate the greatest common divisor of 102 and 568038.
102
What is the greatest common divisor of 16 and 46836?
4
Calculate the greatest common divisor of 11 and 777667.
11
Calculate the greatest common divisor of 2390379 and 93.
93
Calculate the greatest common divisor of 28 and 8953014.
14
Calculate the highest common factor of 3423 and 1344.
21
What is the greatest common factor of 1445 and 21097?
289
What is the greatest common divisor of 177 and 2?
1
Calculate the highest common factor of 944937 and 9.
9
What is the greatest common factor of 118626 and 4896?
102
Calculate the highest common factor of 393354 and 936.
234
What is the greatest common factor of 300 and 924450?
150
What is the highest common factor of 536870 and 5920?
370
What is the greatest common factor of 733 and 2237849?
733
Calculate the highest common factor of 6460 and 8483.
17
Calculate the highest common factor of 5687 and 3267.
121
Calculate the greatest common factor of 466 and 113471.
233
What is the greatest common factor of 14776 and 1195009?
1847
Calculate the greatest common factor of 219 and 407632.
73
Calculate the highest common factor of 297 and 340497.
27
What is the highest common factor of 1543 and 21?
1
Calculate the greatest common divisor of 138221 and 268.
67
Calculate the greatest common factor of 3411 and 1164288.
1137
Calculate the greatest common factor of 76 and 208202.
38
What is the highest common factor of 1417 and 40766?
109
What is the greatest common divisor of 1382810 and 110?
110
Calculate the highest common divisor of 1938 and 9880.
38
What is the greatest common factor of 16 and 15556?
4
What is the highest common factor of 28 and 1236228?
28
What is the highest common factor of 111452 and 16?
4
Calculate the highest common divisor of 178904 and 594.
22
Calculate the greatest common divisor of 6510714 and 42.
42
Calculate the greatest common divisor of 238 and 62798.
34
What is the greatest common divisor of 8183 and 60858?
49
Calculate the greatest common factor of 90814 and 102.
34
What is the highest common factor of 55 and 56584?
11
Calculate the highest common factor of 28670 and 470.
470
What is the greatest common factor of 495 and 7040?
55
What is the greatest common divisor of 2856 and 29008?
56
Calculate the highest common divisor of 738 and 17630.
82
Calculate the greatest common divisor of 103178 and 46.
46
What is the highest common factor of 13039 and 472?
59
Calculate the highest common divisor of 272 and 2377552.
272
What is the greatest common factor of 35583 and 4089?
87
What is the highest common divisor of 407 and 5984?
11
What is the highest common divisor of 2314 and 1066?
26
Calculate the highest common factor of 528 and 348.
12
What is the highest common factor of 69085 and 205?
205
Calculate the greatest common factor of 4632380 and 4020.
1340
What is the greatest common divisor of 41976 and 106?
106
What is the greatest common factor of 418 and 82156?
38
What is the highest common factor of 3993 and 46101?
363
What is the greatest common factor of 16008 and 928?
232
What is the greatest common divisor of 156804 and 48?
12
What is the highest common divisor of 115063 and 42029?
689
What is the greatest common divisor of 1677 and 167?
1
What is the greatest common divisor of 21360 and 1520?
80
Calculate the greatest common divisor of 115 and 1768815.
115
What is the highest common divisor of 58851 and 9?
9
Calculate the highest common factor of 36 and 1287936.
36
Calculate the greatest common factor of 1332 and 331335.
333
What is the greatest common divisor of 3835560 and 90?
30
Calculate the greatest common divisor of 262682 and 2842.
406
What is the highest common divisor of 219625 and 14?
7
What is the greatest common factor of 55 and 1593?
1
Calculate the greatest common divisor of 8264 and 4184.
8
What is the highest common factor of 3670 and 20?
10
What is the greatest common divisor of 371 and 5353?
53
Calculate the highest common divisor of 1492678 and 1672.
418
Calculate the highest common factor of 357508 and 2224.
556
What is the greatest common divisor of 133650 and 4620?
330
What is the highest common divisor of 31383 and 66?
33
What is the greatest common factor of 1612020 and 10?
10
Calculate the highest common divisor of 314064 and 432.
432
Calculate the greatest common factor of 1 and 457.
1
Calculate the greatest common divisor of 350028 and 3024.
756
What is the greatest common factor of 2942958 and 6?
6
What is the highest common factor of 22827 and 399?
21
Calculate the greatest common factor of 5701698 and 68.
34
What is the greatest common factor of 1584 and 5743584?
1584
Calculate the greatest common divisor of 343872 and 4378.
398
Calculate the greatest common factor of 28 and 134232.
28
Calculate the highest common divisor of 750 and 3449250.
750
Calculate the highest common divisor of 178768 and 400.
16
What is the greatest common factor of 30 and 837820?
10
Calculate the greatest common divisor of 18522809 and 17.
17
What is the greatest common divisor of 80 and 62?
2
What is the greatest common factor of 90 and 30270?
30
What is the highest common divisor of 335276 and 316?
316
What is the highest common factor of 230796 and 108?
108
What is the highest common divisor of 1460775 and 75?
75
Calculate the greatest common factor of 12468 and 1788.
12
Calculate the greatest common divisor of 3855 and 480.
15
What is the greatest common divisor of 218 and 383680?
218
What is the highest common divisor of 69097 and 28?
7
What is the highest common divisor of 638 and 49698?
22
What is the greatest common divisor of 274850 and 20?
10
Calculate the greatest common divisor of 12880 and 400.
80
What is the highest common factor of 4290 and 26637?
39
Calculate the greatest common divisor of 55937 and 35.
7
Calculate the highest common divisor of 28700 and 250.
50
Calculate the highest common divisor of 3960 and 968.
88
Calculate the highest common factor of 27208 and 406688.
1432
Calculate the greatest common divisor of 5168 and 16048.
272
Calculate the highest common divisor of 8 and 210888.
8
Calculate the highest common factor of 252636 and 518.
74
Calculate the highest common factor of 7316 and 25916.
124
What is the highest common factor of 25428 and 10944?
12
Calculate the greatest common factor of 1963 and 10872.
151
Calculate the greatest common divisor of 12284 and 592.
148
Calculate the greatest common factor of 24 and 16728.
24
What is the highest common factor of 28 and 11016?
4
What is the highest common divisor of 167316 and 6278?
146
Calculate the greatest common factor of 1476 and 3505992.
492
Calculate the highest common factor of 507422 and 53.
53
What is the greatest common divisor of 111621 and 435?
87
Calculate the greatest common factor of 152 and 271624.
152
What is the greatest common factor of 14804 and 20?
4
Calculate the greatest common divisor of 2756 and 35669.
53
Calculate the greatest common divisor of 852 and 13116.
12
What is the highest common factor of 339286 and 578?
578
Calculate the highest common divisor of 139961 and 68.
17
What is the greatest common divisor of 12936 and 8019?
33
Calculate the greatest common divisor of 1457 and 4309.
31
Calculate the highest common factor of 252 and 91644.
84
What is the greatest common factor of 38 and 2632697?
19
Calculate the highest common factor of 78 and 1920.
6
Calculate the highest common factor of 268 and 136412.
268
Calculate the greatest common divisor of 8371 and 539.
11
Calculate the highest common factor of 1256 and 90.
2
What is the greatest common factor of 46536 and 72?
24
Calculate the greatest common factor of 102644 and 871.
67
Calculate the highest common divisor of 2268 and 2961.
